 - 7 = 0. What is the tens digit of 6/z + -1 + 28?
3
Suppose 24 = -f - 1. Let b = f - -14. What is the units digit of (-1 - b) + 2*-1?
8
Let o be 96/(-10)*105/(-14). Suppose -o*y + 73*y = 12. What is the units digit of y?
2
Let c = 81 + -48. Let v = -9 + c. What is the units digit of v?
4
Suppose -3*l + 1600 = 2*w, -8*l - 2*w + 2132 = -4*l. Suppose 138 = 5*y - l. What is the units digit of y?
4
Suppose 0*n - 2*n + 10 = 0, 4*s = 4*n - 28. What is the tens digit of (25 - -1)/((-1)/s)?
5
Let r(b) = 6*b**2 - 2*b - 1. Let k be r(-1). Suppose v - k*z = -3*z + 53, 2*v - 2*z = 76. What is the tens digit of v?
3
Let a = 472 - 11. What is the units digit of a?
1
Let h(q) = 19*q - 34. Let n be h(-15). What is the tens digit of n/(-4) - (15/4)/5?
7
Suppose -h - 6 = -4*t + 2, 4*t - 28 = -4*h. Suppose 3 = 3*o - t. Suppose 0 = o*u - 63 - 53. What is the units digit of u?
8
Let q(j) be the second derivative of -j**3 + 243*j**2/2 - 12*j - 1. What is the tens digit of q(0)?
4
Let f = 3 + -6. Let b = 6 + f. What is the tens digit of (36 + -3)*1/b?
1
Suppose 8 = 5*p + 23. Let g = 3 + p. Suppose 2*t = -2*f - 0*t + 42, g = -2*f + 3*t + 32. What is the units digit of f?
9
Let q(g) = 32*g**2 + 3*g + 2. Let w be q(-1). Suppose w - 111 = -4*x. What is the tens digit of x?
2
Let j(w) = -w**3 - 2*w**2 - 2*w - 1. Let h be j(-1). Suppose -20 = -5*g, -m - 4*g + 7 + 12 = h. What is the units digit of m?
3
Let g = 12 + 15. What is the units digit of g*(0 - (3 - 6))?
1
Let d be 1 - 2/(-1) - -54. Suppose 3*h + d = 4*h - 5*p, -4*h + 4*p + 292 = 0. What is the units digit of h?
7
Let d(l) = 14 + l + 44 + 0. What is the tens digit of d(24)?
8
Let w(g) = -g**3 - 2*g - 1. Let x be w(-2). Let q = x + -7. Suppose q*m - 50 = -m. What is the units digit of m?
0
Let p(f) = -4*f + 129. What is the hundreds digit of p(-24)?
2
Suppose 0 = 5*n - 3*l - 5834, -4*n + 3*l + 4672 = -l. What is the thousands digit of n?
1
Suppose 5*t - 17 = -52. Let v(p) = p**2 + 7*p + 8. Let k be v(t). What is the units digit of ((-5)/3)/(k/(-72))?
5
Let l(d) = 2*d**3 - 59*d**2 + 34*d + 4. What is the units digit of l(30)?
4
Suppose 45*c - 43*c - 588 = 0. What is the hundreds digit of c?
2
Let b(f) = 1291*f - 5. What is the tens digit of b(1)?
8
Suppose 998 + 5252 = 10*z. Suppose 0 = -5*l + l - 3*b + z, 3*l = 4*b + 500. What is the tens digit of l?
6
Suppose -3*c + 8*c - 45 = 0. Suppose 2*z + 2*z + 16 = 0, 0 = 5*k - 3*z - 2. Let u = c + k. What is the units digit of u?
7
Let i(u) = -u**2 + 1. Let g be i(-1). Suppose -2*c + 2 = -2. Suppose 2*y + 1 - 3 = c*x, 2*x + y - 4 = g. What is the units digit of x?
1
Suppose -4 = -d, 2*d - 393 - 19 = -l. What is the units digit of l?
4
Let q(j) = -2*j**2 - 29*j + 22. Let s be q(-15). Suppose s*v - 351 = 41. What is the tens digit of v?
5
Let q = -393 - -485. What is the units digit of q?
2
Let u = -2255 - -3334. What is the units digit of u?
9
Let d = 46 - 24. Suppose -6*l = -2 - d. What is the units digit of l?
4
Suppose -3*i + 2*z + 2597 = 0, 2*i + z - 2042 = -313. Suppose -15*t = -20*t + i. What is the units digit of t?
3
Suppose 3*a = -316 + 1027. Suppose -3*m - 1099 - 14 = -5*d, d + 3*m = a. Suppose -6*b + 204 = -3*b - 5*f, 3*b - d = -2*f. What is the tens digit of b?
7
Let l = -13 + 7. Suppose s - 1 = 30. Let p = l + s. What is the units digit of p?
5
Let z = 39 - 121. Let n = -40 - z. What is the units digit of n?
2
Let g = -2643 + 3701. What is the units digit of g?
8
Suppose 0 = -2*x - 5*x - 77. Let c = x - -15. What is the units digit of c?
4
Let a = 794 + 899. What is the hundreds digit of a?
6
Let c = 1084 + -165. What is the tens digit of c?
1
Suppose 0 = x - 5. Let a be (4 - 3)/(-1) + x. Suppose -27 = -3*w + 3*d, 5*d = a*w + 1 - 32. What is the units digit of w?
4
Let c = 2 + 0. Let g(x) = -2*x**2 + 4*x - 3. Let t be g(c). What is the units digit of 5 + -3 + (-18)/t?
8
What is the tens digit of ((-24)/(-18))/(10/(-6))*-105?
8
Let z(l) = 196*l**2 - 9*l - 2. What is the units digit of z(-2)?
0
Let c = 3439 + -100. What is the tens digit of c?
3
Let n = -2527 - -3649. What is the thousands digit of n?
1
Let p(w) = 2*w**2 - 10*w - 725. What is the thousands digit of p(-29)?
1
Let w be -1*-1*(3 + 3). Suppose w + 14 = -d. What is the tens digit of d/(-3)*3 + 0?
2
Let x(q) be the second derivative of q**4/2 - q**3/3 - q**2 - 15*q. Let v(o) = -6*o**2 + 3*o + 2. Let g(a) = 3*v(a) + 4*x(a). What is the units digit of g(-3)?
9
Let c(s) = -2*s**2 + 2*s + 1. Let f be c(-3). Suppose 3*l + 158 = 5*z, 46 = -l - 0*z + 3*z. Let t = f - l. What is the units digit of t?
8
Let z(g) be the first derivative of 5*g**4/12 - 5*g**3/6 - 5*g**2 + 3. Let a(b) be the second derivative of z(b). What is the tens digit of a(3)?
2
Let v = -157 + 242. What is the units digit of v?
5
Let f = 356 + -679. Let d = f + 480. What is the tens digit of d?
5
Suppose 3*o + 0*u = -4*u + 132, -4*u = o - 36. Let p = o - 18. What is the units digit of 664/p - (-20)/(-150)?
2
What is the units digit of (4 + -6 + 23)/((-6)/(-4))?
4
Let g(d) = -d**3 - 6*d**2 + 17*d + 17. Suppose 3*c = 2*x - x + 17, -17 = 4*x + 5*c. What is the units digit of g(x)?
9
Let r = 87 - 122. Let k = -23 - r. What is the units digit of k/54 - 1180/(-36)?
3
Suppose -20*h - 70 = -25*h. Let i = h - -5. What is the units digit of i?
9
Suppose o - 5*p - 1887 = 0, -8*o - 7673 = -12*o - 5*p. What is the tens digit of o?
1
What is the hundreds digit of (7408/20)/2 - (-5)/(-25)?
1
Suppose 3*k = -l + 8*k + 29, -9 = -3*k. Let q = l + -42. What is the units digit of q?
2
Let r be 4 - 4/8*4. Suppose -2*l = r*l - 12. Suppose y + l*q + 144 = 3*y, 3*q + 12 = 0. What is the tens digit of y?
6
Let v(n) = -n**3 - 6*n**2 + 18*n - 12. Let z be v(-9). Suppose t + 0*t = z. What is the units digit of t?
9
Let g = 419 - 250. Suppose 7*d = 673 - g. What is the units digit of d?
2
Let x = 32 + -22. Suppose 3*d + 0*t - x = -t, -5*d = -2*t - 13. Let z = d - -47. What is the tens digit of z?
5
Let g(q) = -2*q - 15 - 5*q - 17 - 14*q. What is the tens digit of g(-8)?
3
Suppose 0 = 5*n + l - 22 - 8, 2*n - 4 = -2*l. Suppose -n*y = -11*y + 312. What is the units digit of y?
8
Suppose -8*d + 82 = 18. What is the units digit of (18 - -2) + (d/(-4) - -6)?
4
Let o(k) = 3*k + 2. Let z be o(-6). What is the units digit of (2/z)/(3/(-642))*4?
7
Let t = -1160 + 1401. What is the hundreds digit of t?
2
Let x be (2/(-10) - -1)*(-585)/(-26). Suppose 31 + x = q. What is the units digit of q?
9
Suppose -4*p = -3 - 17. Suppose -3*m = -2*m - p. Suppose -m*u - 14 = -6*u. What is the units digit of u?
4
Suppose 0 = -2*k + 6 - 0. Suppose 4 = w, -2*u + 38 = k*w - 92. What is the tens digit of u?
5
Let l(s) be the first derivative of s**4/4 + s**3 - 2*s**2 - 6*s + 10. What is the units digit of l(4)?
0
What is the tens digit of -2 + -4 - -607 - 6?
9
Suppose 4*k = -5 - 15, 4*k - 298 = -2*p. Let v = p - 94. What is the tens digit of v?
6
Let n = -22 - -24. Suppose 3*s + n*b = 253, -3*s + 4*b - 81 = -4*s. What is the tens digit of s?
8
Let m(f) = -4*f - 11. Let h be m(-4). Let q(a) = -a**2 + 6*a - 2. Let g be q(h). Suppose 5*i = z + 104, -g*i + 7*i = -z + 85. What is the tens digit of i?
2
Suppose 2*u + 1140 = 3*s, -3*s = 5*u - 1258 + 97. What is the hundreds digit of s?
3
Let r be ((-10)/(-45))/(-1) - (-94)/18. Suppose 5*t + 2*b - 380 = 0, 0 = -4*t - r*b + 8*b + 327. What is the tens digit of t?
7
Suppose 0 = -6*f + 5*f + 9. Suppose 3*x + 348 = f*x. What is the units digit of x?
8
Let x(r) = 52*r**2 + 2*r + 5. What is the hundreds digit of x(-6)?
8
Let k be (-10)/(-4)*2 + -3. Suppose k*c - 2*p - 3 = -p, -3*c - 5*p = 15. Suppose -l - 4 - 48 = -3*z, -4*l - 16 = c. What is the tens digit of z?
1
Let x(c) = 4*c**2 - 4*c + 2. Suppose t - 6*t = -15. Let u be x(t). Let n = 39 - u. What is the units digit of n?
3
What is the hundreds digit of (3 + 17/2)*42?
4
What is the thousands digit of 430/(-15)*((-1548)/8)/3?
1
Let d = -7 + 177. What is the tens digit of d?
7
Let l = 5 - 4. Let u be 147/12 - l/4. Let s(o) = o + 3. What is the tens digit of s(u)?
1
Let m = 2077 - 148. What is the tens digit of m?
2
Let s = 2127 + -1009. What is the thousands digit of s?
1
Suppose j - f + 3*f = 4086, -3 = f. What is the units digit of j?
2
Let q = -21 - -73. Suppose 0 = -o + 2*u + q, 25 = 5*o + 5*u - 220. What